and 14?
7
Suppose 240 = -2*s + 8*s. Calculate the greatest common divisor of s and 5.
5
Let a(j) = -5*j + 8. Let p be a(6). Let o = p + 58. Calculate the highest common factor of o and 24.
12
Let s = -33 - -21. Let g be 1/(1 + 15/s). Let n be 10 + (-3 - -2 - g). Calculate the greatest common factor of n and 91.
13
Suppose -5*v + 4*v = -4. Let u be (-50)/(-14) + 66/154. Calculate the highest common factor of v and u.
4
Let f be 9/(-18) + 25/2. What is the greatest common factor of f and 96?
12
Let y be -7 - (1 - 0)*1. Let z = 12 + y. Suppose -2*u + 18 = u. What is the greatest common factor of z and u?
2
Let r = -238 + 352. Let a = 4 - 2. Suppose -z + r = a*z. Calculate the greatest common factor of 57 and z.
19
Suppose 5*o - 300 = -o. Calculate the highest common divisor of o and 125.
25
Let s be 2 + 13 - (9 - 8). Calculate the highest common factor of s and 14.
14
Suppose 2 = -2*o - 2*r, -1 = 2*r + 3. Let n = 6 - o. Let l(u) = 24*u - 3. Let m be l(2). What is the highest common factor of m and n?
5
Let f be (-1 + (-8)/(-12))*0. Suppose f*d = -3*d + 36. Suppose 5*x + 76 = 4*v, -154 + 18 = -5*v - 4*x. What is the greatest common divisor of d and v?
12
Let o(q) = q**3 - 3*q**2 - 3*q + 3. Let g be o(3). Let s be (2/g)/((-2)/24). Suppose -540 = s*m - 7*m. Calculate the greatest common divisor of m and 20.
20
Let r(x) = x**3 + 7*x**2 + 8. Let c be r(-6). Let b be (1/(-2))/((-1)/22). What is the greatest common divisor of c and b?
11
Let o(u) = -u + 12. Let m be o(7). Suppose 0 = 4*g + 2*t - 64, 3*t + 39 = -2*g + 5*g. Calculate the highest common divisor of g and m.
5
Let a = -1 + 3. Suppose -d = -a*d. Suppose d = -k + 5*z + 84, -k - 2*z - z = -60. Calculate the highest common divisor of 23 and k.
23
Let d be 16/(-10)*(-170)/4. Suppose -j = 4*j. Suppose 2*u - 81 = -4*h - 23, j = -5*h - 3*u + 70. Calculate the greatest common divisor of h and d.
17
Let f = -186 + 330. What is the greatest common factor of 18 and f?
18
Let d = -3 + 13. Suppose -5*k = -4*l + 420, l - 98 = 3*k - 0*k. What is the highest common factor of d and l?
10
Let j be 2/6 + 110/(-6). Let t be (15/(-9))/(3/j). Let b(u) = -2*u**3 - 6*u**2 + 5*u - 5. Let q be b(-5). Calculate the highest common factor of q and t.
10
Let y(r) = -22*r - 2. Let q be y(-1). Let j(f) = 6*f**2 + f - 1. Let h be j(-3). Calculate the greatest common divisor of h and q.
10
Let m(p) = p + 2. Let n be m(-2). Suppose 0 = -n*s + 2*s - 28. What is the highest common factor of s and 42?
14
Let m = -19 - -29. Let v be 92/m - 1/5. Let k = 0 + 1. What is the highest common factor of k and v?
1
Let u be 147/9 + 2/(-6). Let v = 149 + u. Let i(k) = -k**3 - 11*k**2 - 13*k - 15. Let p be i(-10). What is the highest common factor of v and p?
15
Suppose 0 = p + 2*p + 5*m - 243, -5*p = -2*m - 374. Calculate the highest common divisor of 19 and p.
19
Suppose -108 = -3*y - 3*y. What is the greatest common factor of y and 54?
18
Let s = 7 - -7. Let n be (13440/400)/((-6)/(-20)). What is the highest common factor of s and n?
14
Let f(y) = -y**3 + 2*y**2 + 1. Let o be f(2). Let m be 8/(5 - o) + 64. What is the greatest common factor of 6 and m?
6
Let m = -222 - -330. Calculate the greatest common divisor of 72 and m.
36
Suppose -4 = 4*b - 6*b. Suppose -118 = -5*x - 2*d, 6*x + 5*d - 42 = 5*x. Calculate the greatest common factor of b and x.
2
Suppose -q + 0*f - 2*f + 74 = 0, q = -4*f + 78. What is the greatest common divisor of q and 28?
14
Suppose 3*g - 28 = 2*g. Let f(i) = i**2 + 7*i + 2. Let r be f(-5). Let x be ((-30)/(-20))/((-3)/r). Calculate the highest common divisor of g and x.
4
Let y be ((-12)/(-1))/(0 - 1). Let o = 142 - y. Calculate the greatest common divisor of 14 and o.
14
Suppose t - 33 = -2*t. Calculate the greatest common factor of 121 and t.
11
Let g be 1*(-3 + 2 + 26). Suppose -g = -3*r - 2*r. What is the highest common factor of r and 25?
5
Let i(a) = 2*a + 8. Let r be i(-4). Suppose r = -0*o - o + 48. What is the highest common divisor of 6 and o?
6
Let v be (-20)/8*(-3 + 1). Suppose -4*z + 3*l = -9, -l - l - 20 = -v*z. Suppose 0 = -2*m + 3*m - 9. Calculate the highest common divisor of z and m.
3
Let j = 143 + 28. Let x = -1 - -3. Suppose 10 = x*a - 28. What is the highest common factor of a and j?
19
Let o = 70 + -7. Suppose 2*s - 4*u = 22, 0 = -s - 2*u + 3*u + 9. Calculate the highest common divisor of s and o.
7
Let v = 19 + -12. Let m(g) = 3*g + 1. Let b be m(v). Calculate the highest common factor of b and 55.
11
Let q(o) = 39*o**2 + o + 2. Let u be q(-1). Calculate the greatest common factor of u and 10.
10
Let k(d) = -11*d**2 + 3*d + 4. Let h be k(5). Let f(u) = -3*u**2 + 2. Let j be f(2). Let b be 4/10 + h/j. What is the greatest common divisor of b and 39?
13
Let k = -42 - -72. What is the greatest common factor of k and 20?
10
Let q(a) = a + 1. Let m be q(0). Let p(k) = 2*k - 1. Let g(l) = -3*l - 20. Let c be g(-8). Let o be p(c). Calculate the greatest common factor of o and m.
1
Let g(c) = 36*c**2 + 5*c + 2. Let y be g(-1). What is the greatest common factor of 132 and y?
33
Suppose n = 2*n. Suppose n = -p + 6 - 2. Let z be 112/(-6)*12/(-8). What is the greatest common factor of p and z?
4
Suppose -y = 4*h - 21, 2 = -2*y + 4*y. Suppose h*g = 465 + 30. Suppose 36 = 3*i + i. What is the highest common factor of g and i?
9
Suppose 0 = -5*m + 4*q + 540, -3*q + 351 = 3*m - 0*q. What is the highest common divisor of 14 and m?
14
Let w(q) = q**2 - 6*q - 3. Suppose -3*r - r = -48. Let z = 21 - r. Let h be w(z). What is the greatest common factor of 6 and h?
6
Let l be 72 - (-30)/(4 - -2). Let t be 13/2 - 2/(-4). Calculate the greatest common factor of t and l.
7
Let g = -40 + -1. Let r = g + 64. Calculate the greatest common divisor of 184 and r.
23
Let q(a) = 2*a**2 - 2*a - 3. Let y be q(4). Let v = 225 - 78. What is the highest common divisor of y and v?
21
Let s be (-30)/(-75) - (-3576)/10. Suppose 6*a - 1330 = -s. What is the highest common divisor of a and 18?
18
Suppose -h - 3 + 9 = 0. Let o be 87/(-203) + (-472)/(-7) + -1. What is the greatest common factor of o and h?
6
Let v = 148 - 64. Let p(r) = -3*r - 6. Let w be p(-6). What is the greatest common factor of v and w?
12
Let a be (-9)/(-15) - (-285)/25. Let g(k) = -k**3 + 4*k**2 + 5*k + 4. Let l be g(5). What is the highest common factor of a and l?
4
Let k(p) = -p**3 + 17*p**2 - 17*p + 26. Let l be k(15). What is the greatest common factor of 13 and l?
13
Let b = -30 + 38. Let n be 4*((-1)/2 - -1). Calculate the greatest common divisor of b and n.
2
Let l be (((-44)/1)/4)/(-1). Calculate the greatest common divisor of 44 and l.
11
Let c(s) = -s - 19. Let b be c(-15). Let l be (1 + 2 - b) + 0. What is the greatest common divisor of l and 28?
7
Suppose -2*l - 4*q = 28, -l = 4*q + 12 - 2. Let s be 7/3 - 12/l. What is the greatest common divisor of 2 and s?
1
Suppose 4*s + h + 3*h = 32, 0 = 3*s + 2*h - 22. Let l = 9 + -5. Suppose 0*f - 20 = -l*f - 2*v, 3*f + 3*v = 12. What is the highest common factor of f and s?
6
Let k = 25 + 28. Let l be 6/(-24) - k/(-4). Calculate the highest common divisor of l and 143.
13
Let m be (-9)/(-15) + (-487)/(-5). Suppose -4*p - 3*p = -m. What is the highest common divisor of p and 112?
14
Suppose -y - 3*y - q = -28, -2*y + 14 = q. Calculate the greatest common factor of 35 and y.
7
Suppose 5*y - 20 = 4*y. Suppose -6*h + 2*h = -y. Suppose 75 = h*f - 10. Calculate the greatest common factor of 68 and f.
17
Suppose 78 = -2*y + 4*y. Suppose 3*t + 3*g - 21 = 0, 0*t + 5*t - 62 = 4*g. Let l be (3 - 9)/(-2) + t. What is the highest common factor of y and l?
13
Let k = 29 - -251. What is the highest common divisor of 35 and k?
35
Suppose -6 = 2*d, 0 = -3*x + 5*d - 12 - 216. Let t = x + 189. Let q = 10 + 2. Calculate the highest common divisor of q and t.
12
Let q(v) = 12*v**2 + v + 1. Let m = 13 + -14. Let b be q(m). What is the highest common divisor of 48 and b?
12
Suppose z = 5*z - 16. Suppose 0*c = 5*c + 2*n - 18, 15 = z*c + n. Calculate the greatest common divisor of c and 10.
2
Suppose -75 = -5*i + 4*k, -3*k = -5 - 10. Suppose -2*d + 13 = -i. What is the greatest common factor of 40 and d?
8
Let f be (182 + -2)*1/2. What is the greatest common divisor of f and 36?
18
Let l be (-4 - -5) + 96/2. Suppose -2*q = 4*n 